21?
143
What is the highest common divisor of 847 and 616?
77
Calculate the greatest common factor of 1859 and 143.
143
What is the greatest common factor of 1065 and 15?
15
What is the greatest common divisor of 174 and 783?
87
Calculate the greatest common divisor of 550 and 50.
50
What is the highest common divisor of 230 and 20?
10
What is the highest common divisor of 1377 and 221?
17
What is the highest common divisor of 1660 and 29465?
415
Calculate the highest common factor of 520 and 100.
20
What is the highest common divisor of 16 and 272?
16
Calculate the highest common factor of 5 and 9.
1
What is the greatest common divisor of 1560 and 12?
12
What is the greatest common divisor of 368 and 460?
92
Calculate the greatest common divisor of 96 and 150.
6
What is the greatest common divisor of 36 and 558?
18
Calculate the highest common divisor of 231 and 7.
7
What is the greatest common factor of 8 and 912?
8
What is the highest common factor of 80 and 12?
4
Calculate the highest common divisor of 144 and 252.
36
Calculate the highest common divisor of 2532 and 12.
12
What is the highest common divisor of 66 and 726?
66
Calculate the highest common factor of 147 and 315.
21
Calculate the greatest common divisor of 72 and 87.
3
What is the greatest common divisor of 336 and 560?
112
Calculate the greatest common factor of 23 and 851.
23
Calculate the greatest common factor of 115 and 3565.
115
What is the greatest common factor of 892 and 4?
4
Calculate the greatest common divisor of 20609 and 37.
37
Calculate the greatest common divisor of 4212 and 286.
26
Calculate the highest common divisor of 188 and 1692.
188
Calculate the highest common divisor of 2047 and 46.
23
Calculate the greatest common divisor of 20 and 790.
10
Calculate the highest common divisor of 147 and 14.
7
Calculate the highest common divisor of 179 and 11.
1
What is the greatest common divisor of 1995 and 21?
21
What is the highest common factor of 1751 and 1648?
103
Calculate the highest common divisor of 208 and 64.
16
What is the highest common divisor of 72 and 104?
8
Calculate the highest common factor of 84 and 192.
12
What is the greatest common factor of 64 and 512?
64
What is the greatest common divisor of 90 and 18?
18
Calculate the highest common factor of 10242 and 18.
18
Calculate the greatest common divisor of 224 and 8624.
112
Calculate the greatest common factor of 80 and 880.
80
Calculate the highest common factor of 1024 and 64.
64
What is the greatest common factor of 1480 and 360?
40
Calculate the highest common divisor of 296 and 184.
8
What is the highest common divisor of 20 and 1250?
10
Calculate the highest common factor of 253 and 3013.
23
Calculate the highest common divisor of 264 and 24.
24
Calculate the greatest common divisor of 600 and 216.
24
Calculate the greatest common divisor of 339 and 113.
113
What is the highest common factor of 252 and 28?
28
What is the greatest common factor of 1750 and 385?
35
What is the highest common divisor of 540 and 60?
60
Calculate the highest common divisor of 528 and 12.
12
What is the greatest common divisor of 4 and 76?
4
What is the greatest common factor of 747 and 332?
83
Calculate the greatest common factor of 476 and 28.
28
Calculate the greatest common factor of 72 and 126.
18
Calculate the greatest common factor of 20 and 28.
4
Calculate the highest common divisor of 2112 and 33.
33
What is the greatest common divisor of 16 and 27472?
16
Calculate the highest common factor of 779 and 19.
19
What is the highest common factor of 74 and 222?
74
Calculate the greatest common factor of 9 and 6.
3
Calculate the highest common factor of 122 and 366.
122
Calculate the greatest common divisor of 126 and 2583.
63
What is the highest common divisor of 28 and 49?
7
What is the greatest common divisor of 442 and 68?
34
What is the highest common factor of 14133 and 21?
21
What is the greatest common divisor of 32 and 4?
4
Calculate the highest common factor of 9950 and 150.
50
What is the highest common divisor of 7 and 7?
7
Calculate the highest common factor of 407 and 592.
37
What is the greatest common factor of 78 and 114?
6
Calculate the greatest common divisor of 63 and 42.
21
Calculate the highest common factor of 30 and 192.
6
Calculate the greatest common factor of 4 and 2752.
4
What is the greatest common divisor of 80 and 16?
16
What is the highest common divisor of 15 and 2064?
3
What is the highest common divisor of 246 and 2870?
82
What is the highest common factor of 13 and 1?
1
What is the highest common factor of 14183 and 13?
13
What is the greatest common divisor of 125 and 12125?
125
What is the highest common factor of 595 and 85?
85
What is the greatest common factor of 477 and 36?
9
What is the highest common divisor of 806 and 6014?
62
Calculate the highest common divisor of 3075 and 1968.
123
What is the highest common factor of 492 and 410?
82
What is the highest common factor of 4313 and 19?
19
Calculate the highest common factor of 7 and 161.
7
What is the greatest common divisor of 1708 and 84?
28
Calculate the greatest common factor of 49488 and 48.
48
What is the greatest common factor of 114 and 3?
3
What is the greatest common factor of 210 and 84?
42
Calculate the highest common factor of 11 and 88.
11
Calculate the greatest common divisor of 60 and 12828.
12
What is the highest common divisor of 20 and 920?
20
Calculate the greatest common divisor of 1062 and 306.
18
Calculate the greatest common divisor of 196 and 140.
28
Calculate the highest common factor of 12 and 1146.
6
What is the highest common divisor of 4 and 5888?
4
What is the greatest common divisor of 9 and 1557?
9
What is the greatest common factor of 266 and 56?
14
What is the highest common factor of 286 and 88?
22
Calculate the greatest common divisor of 465 and 2685.
15
What is the greatest common factor of 17 and 357?
17
Calculate the greatest common factor of 784 and 3752.
56
Calculate the highest common factor of 28 and 1659.
7
Calculate the highest common divisor of 42 and 154.
14
Calculate the highest common divisor of 144 and 8336.
16
What is the greatest common divisor of 1141 and 7?
7
What is the highest common divisor of 506 and 46?
46
What is the highest common divisor of 4536 and 1188?
108
Calculate the greatest common divisor of 36 and 276.
12
What is the greatest common divisor of 36 and 135?
9
Calculate the highest common divisor of 4752 and 198.
198
What is the highest common divisor of 8000 and 150?
50
Calculate the highest common divisor of 34 and 1258.
34
Calculate the highest common factor of 1712 and 4387.
107
What is the greatest common divisor of 248 and 16?
8
Calculate the highest common divisor of 370 and 30.
10
Calculate the greatest common divisor of 750 and 705.
15
What is the highest common factor of 174 and 426?
6
Calculate the highest common factor of 3429 and 135.
27
Calculate the greatest common factor of 42 and 266.
14
What is the highest common divisor of 20 and 290?
10
Calculate the greatest common factor of 13 and 1014.
13
What is the highest common divisor of 21593 and 286?
143
Calculate the highest common factor of 804 and 871.
67
What is the highest common factor of 20 and 635?
5
What is the highest common factor of 5230 and 5?
5
What is the greatest common factor of 70 and 105?
35
Calculate the greatest common factor of 21 and 13839.
21
Calculate the greatest common factor of 42 and 56434.
14
What is the highest common divisor of 6 and 38?
2
Calculate the greatest common factor of 1236 and 12.
12
What is the highest common factor of 33 and 33?
33
Calculate the greatest common factor of 186 and 651.
93
Calculate the highest common divisor of 1104 and 12.
12
Calculate the highest common divisor of 924 and 12.
12
Calculate the highest common factor of 114 and 741.
57
What is the greatest common divisor of 325 and 675?
25
What is the highest common divisor of 371 and 497?
7
What is the highest common divisor of 12 and 16?
4
Calculate the greatest common factor of 408 and 2397.
51
Calculate the greatest common divisor of 40 and 8016.
8
What is the greatest common factor of 3 and 75?
3
Calculate the highest common factor of 1194 and 4.
2
What is the highest